- 2035603?
-2035605
In base 14, what is 1c + -3a1?
-383
In base 6, what is 120515 + 3454?
124413
In base 6, what is 1 - -13233522?
13233523
In base 15, what is 833 + 4?
837
In base 10, what is 175047 + 9?
175056
In base 8, what is -547140 - 1?
-547141
In base 15, what is 0 - 20458?
-20458
In base 14, what is 8a20 - -3?
8a23
In base 6, what is -10 - 41443?
-41453
In base 5, what is -14112 + 342?
-13220
In base 6, what is 2220025 + -3?
2220022
In base 9, what is -1057 + 8?
-1048
In base 4, what is -3222011 - -10?
-3222001
In base 2, what is -1011001001 + -11100?
-1011100101
In base 2, what is 1111 - -110001110101?
110010000100
In base 5, what is 1 - 13240143?
-13240142
In base 8, what is -2 - -2676?
2674
In base 8, what is -11720 + 12?
-11706
In base 8, what is -5 - 543710?
-543715
In base 15, what is -1 + 31d57?
31d56
In base 3, what is 20 - -11211012000?
11211012020
In base 6, what is -5344 + -2322?
-12110
In base 2, what is 110011000 + -100011111110?
-11101100110
In base 8, what is -3 - 1766?
-1771
In base 2, what is 10001001 - 110100000011?
-110001111010
In base 6, what is 1 - -1445423?
1445424
In base 16, what is 5 + -a92c?
-a927
In base 3, what is 112212102 + 100222?
120020101
In base 12, what is -2 - 23544?
-23546
In base 2, what is 1001101001001 + 10011011?
1001111100100
In base 16, what is 243c + -7?
2435
In base 8, what is 2215023 - -12?
2215035
In base 4, what is -2 + 3312103?
3312101
In base 10, what is 2 + 9280?
9282
In base 14, what is 128ab + 7?
128b4
In base 16, what is -2 + -8c0?
-8c2
In base 9, what is 257103 - 14?
257078
In base 8, what is 1121 - -330?
1451
In base 2, what is -101000 - 1000001001?
-1000110001
In base 9, what is -4610 + 1?
-4608
In base 16, what is 3908 + 4?
390c
In base 13, what is 93a198 + -4?
93a194
In base 5, what is 1213212 - 1?
1213211
In base 10, what is 22 + -29590?
-29568
In base 12, what is -167359 - -4?
-167355
In base 15, what is -5e662 + 3?
-5e65e
In base 11, what is 3a73 - -23a?
4202
In base 10, what is -1 + -8153?
-8154
In base 10, what is 4 + -1904?
-1900
In base 14, what is 6 - 88?
-82
In base 12, what is -359 + -9b?
-438
In base 13, what is 1c0 - -8c?
27c
In base 3, what is 110010101 + -1101?
110002000
In base 7, what is -13 - -2054?
2041
In base 10, what is 69 + -323?
-254
In base 2, what is 101101010000101101100 - 100?
101101010000101101000
In base 10, what is 11402 - -3?
11405
In base 14, what is da7 - 1b?
d8a
In base 7, what is 4 + -1031126?
-1031122
In base 15, what is -2178 - -190?
-1ed8
In base 15, what is -27b + -3?
-27e
In base 11, what is -2610a9 - -9?
-2610a0
In base 9, what is -3 - 2480?
-2483
In base 6, what is -30204 - -135?
-30025
In base 15, what is 170d + -8?
1705
In base 15, what is 3de48 - -3?
3de4b
In base 7, what is -2 + -15116?
-15121
In base 8, what is 2 + 4606503?
4606505
In base 10, what is 763 + -24?
739
In base 15, what is -31d - 2de?
-60c
In base 10, what is 390 + -85?
305
In base 6, what is -351223 - 122?
-351345
In base 6, what is 41125 + 222?
41351
In base 12, what is -4873 + 1?
-4872
In base 13, what is -c27 - -4?
-c23
In base 11, what is -35104 + -100?
-35204
In base 2, what is 10011 - 1101101100?
-1101011001
In base 4, what is 0 - 3212202?
-3212202
In base 15, what is -3 - -671e6?
671e3
In base 12, what is 3532 + -18?
3516
In base 11, what is 12 + 881?
893
In base 11, what is 374 - 11?
363
In base 8, what is -663766 - -4?
-663762
In base 4, what is -203022 - -1033?
-201323
In base 3, what is -10 - 1222200112120?
-1222200112200
In base 8, what is -25 + 140574?
140547
In base 2, what is 100000101 + -10000101010?
-1100100101
In base 5, what is -4 + -1031314?
-1031323
In base 12, what is 4 + 198?
1a0
In base 14, what is -2bdb34 - 0?
-2bdb34
In base 13, what is -52 + 798b?
7939
In base 6, what is 11 - -1312400?
1312411
In base 12, what is 2b053 - -4?
2b057
In base 8, what is 12312 - -2?
12314
In base 16, what is 216 - -d3?
2e9
In base 11, what is 215 - -3160?
3375
In base 9, what is -38 - 32450?
-32488
In base 14, what is 0 - 2416a?
-2416a
In base 5, what is 1233333424 + 10?
1233333434
In base 5, what is 1 - -20332?
20333
In base 14, what is -ba - -1747?
166b
In base 4, what is 10213 + 1330?
12203
In base 8, what is 243301 - -5?
243306
In base 6, what is 455 - -330?
1225
In base 8, what is 3 + 43341?
43344
In base 13, what is 6b348c - 2?
6b348a
In base 15, what is -a86a1 - -1?
-a86a0
In base 8, what is 1 + 6451217?
6451220
In base 9, what is 4 + 203703?
203707
In base 13, what is 169 + 2cb2?
314b
In base 16, what is -dd32 + 5?
-dd2d
In base 13, what is 130 - -a84?
bb4
In base 7, what is 100 + 164621?
165021
In base 5, what is -10023 - 1201?
-11224
In base 8, what is -2765634 - -6?
-2765626
In base 13, what is 56 - 1b69?
-1b13
In base 14, what is -4 + -400cb?
-400d1
In base 15, what is 2 + 990e?
9911
In base 14, what is -12 + 1815d?
1814b
In base 15, what is -4 - 60b29?
-60b2d
In base 7, what is 5 - 2046462?
-2046454
In base 10, what is 3434583 - 0?
3434583
In base 3, what is -1 + -1112221211012?
-1112221211020
In base 14, what is 1d + 6176?
6195
In base 3, what is -22001122122 + -2?
-22001122201
In base 6, what is -3 - -22315204?
22315201
In base 2, what is 1111000001 - -10011000110?
100010000111
In base 11, what is -74 + 20?
-54
In base 15, what is -1 - -73c7?
73c6
In base 7, what is 56556 - -5?
56564
In base 13, what is -112 + 1cb6?
1ba4
In base 4, what is -30332113333 + -2?
-30332120001
In base 5, what is -2 - -2044300?
2044243
In base 16, what is 2 + -bbea?
-bbe8
In base 12, what is 2491 - 5ab?
1aa2
In base 6, what is -220513 + 1?
-220512
In base 7, what is 4000241 + 1?
4000242
In base 7, what is -204141 - -13?
-204125
In base 10, what is 2 + -3723?
-3721
In base 5, what is -143342 - 1?
-143343
In base 7, what is -146320 - -5?
-146312
In base 12, what is -1a48 + 22?
-1a26
In base 10, what is 82 + 3762?
3844
In base 14, what is 4 - -26294?
26298
In base 5, what is 122 + 20114?
20241
In base 11, what is -979a - 2?
-97a1
In base 3, what is -2000200 - 1012112?
-10020012
In base 10, what is -19 + -5824?
-5843
In base 15, what is -14 - -1c4c?
1c38
In base 9, what is 272370 - 5?
272364
In base 8, what is -26 + 27323?
27275
In base 13, what is 4c + 2816?
2865
In base 12, what is -57869 - 39?
-578a6
In base 12, what is -218a17 + 5?
-218a12
In base 15, what is 4 + dd58?
dd5c
In base 16, what is b94 - 3d?
b57
In base 15, what is -9e4aa + -3?
-9e4ad
In base 6, what is -14423122 + -4?
-14423130
In base 4, what is -13311101 - 11?
-13311112
In base 16, what is 52 - -1a5?
1f7
In base 3, what is 21200 + -1201211?
-1110011
In base 6, what is 4 + -55235?
-55231
In base 14, what is 2b2757 + -5?
2b2752
In base 14, what is -3b25 - -1?
-3b24
In base 15, what is 691 + -17b?
515
In base 4, what is 3 + -3201132?
-3201123
In base 13, what is 43 + -26b25?
-26ab2
In base 13, what is -1c3639 + 3?
-1c3636
In base 9, what is 16103 + -1?
16102
In base 14, what is -16 - 1255?
-126b
In base 13, what is 39b + b?
3a9
In base 4, what is -10 - -1013102?
1013032
In base 4, what is 22 + 13331023?
13331111
In base 13, what is -48c4 + b?
-48b6
In base 15, what is 24571 + -10?
24561
In base 3, what is 1111 + -10001202?
-10000021
In base 6, what is -2324354 - -12?
-2324342
In base 3, what is 0 - 222022020201?
-222022020201
In base 7, what is -10251 - -5?
-10243
In base 7, what is 0 - -25131?
25131
In base 2, what is -110111100 + 110101111110?
101111000010
In base 14, what is 2 + 9b0b?
9b0d
In base 6, what is -142315 - -2?
-142313
In base 5, what is 4 - 102112?
-102103
In base 12, what is 3b + -36?
5
In base 4, what is -23 + -30220?
-30303
In base 2, what is 1 - 11111011001101?
-11111011001100
In base 7, what is 2 - 12040?
-12035
In base 4, what is 10210 - -22322?
33132
In base 2, what is -10101010101111 - -100101?
-10101010001010
In base 13, what is 3 + -20021?
-2001b
In base 6, what is -313 - 43?
-400
In base 2, what is 1011100011010 - 10000100?
1011010010110
In base 2, what is 100000111100 - -10?
100000111110
In base 13, what is -2b149 + 4?
-2b145
In base 6, what is -4 + 33123?
33115
In base 10, what is 2164 - 77?
2087
In base 5, what is -14211200 - 4?
-14211204
In base 5, what is 12041 + -3?
12033
In base 4, what is -3022101 + -12?
-3022113
In base 10, what is 40 - -3511?
3551
In base 11, what is 